p - 2. Let u be j(8). Let w(y) = -2 - y - 3 + 1. What is w(u)?
-10
Suppose 3*d + o = 13, 5*o = 10*d - 12*d. Let r(h) = h - 10. Calculate r(d).
-5
Let h(c) be the first derivative of -c**3 - c**2/2 + c - 1. Let f = -33 - -35. Suppose 0 = 2*r + f*r - 4. Calculate h(r).
-3
Let m(r) be the first derivative of -r**3/3 + 4*r**2 + 4*r - 11. Let k = -10 + 34. Suppose 3*x + k = 7*x. Determine m(x).
16
Let g(t) = -4*t + 5. Let i(d) = 7*d - 9. Let v(h) = 5*g(h) + 3*i(h). Let x(p) = -p**3 + 50*p**2 + 55*p - 198. Let z be x(51). Determine v(z).
4
Let m(a) = 9*a**2 - 3*a + 11. Let k(y) = -5*y**2 + 2*y - 6. Let j(n) = 11*k(n) + 6*m(n). Suppose 5*l = -2*z - 17, -2*l - 3 + 13 = 5*z. What is j(z)?
0
Let j be (-32)/(-12) + 8/(-12). Let m(h) = -4*h. Let z(v) be the second derivative of -13*v**3/6 - 2*v. Let w(k) = -21*m(k) + 6*z(k). Determine w(j).
12
Let w(p) be the second derivative of -p**3/3 - 3*p**2 - 69*p. Determine w(-3).
0
Suppose 4*y = -3 - 5. Suppose -2*d + 11 = -r, 4*r + 6 = -2*d + 2. Let f(o) = d*o - 7*o + o - 1. Give f(y).
3
Suppose 0 = 4*w + k + 16, -3*k = 3*w + 25 - 4. Let h(r) = 2*r - 10 - 93 - 4*r + 106. Let j(z) = -2*z + 2. Let t(a) = w*h(a) + 4*j(a). Give t(-1).
1
Let o(w) = 2*w + 3. Let j be (-1034)/(-198) - 6/27. Determine o(j).
13
Let c(v) = 4*v - 1. Let h be c(1). Let s(f) = 2*f + 4. Let l be s(h). Let o be (0/(-2))/(l/(-10)). Let j(q) = -q**3 + q**2 + 14. Determine j(o).
14
Let v = 52 - 52. Let k be 0/((-4)/1) + v. Let i(o) be the first derivative of o**2/2 + 7*o - 3. Give i(k).
7
Let z be (-9 - 425/(-34))/((-2)/4). Let d(v) = -3*v + 3. Give d(z).
24
Let h(l) = l**2 - 6*l + 4. Let s = -21 + 20. Let z(y) = y**2 - 3*y - 2. Let x be z(s). Suppose 4*p - 20 = x*k, 2*k + 0*k = 0. Determine h(p).
-1
Let t(v) = v**2 + 8*v - 241. Let s be t(-20). Let i(r) be the second derivative of r**3/3 - r**2/2 + r. Give i(s).
-3
Let y(t) = 10*t - 8*t - 2 + 2*t**2 - t**2 - 5*t**2 + t**3 + 1. Calculate y(2).
-5
Let a(r) be the third derivative of -r**6/120 - r**5/60 - r**4/24 + r**3 + 4*r**2 + 101*r + 2. Let o(k) = k**3 - 3*k**2 - k + 3. Let w be o(3). Determine a(w).
6
Let b(g) = g**3 - g**2 - 4*g + 3. Let w be b(2). Let q = -1 - w. Let k(n) = n - 5. Calculate k(q).
-5
Let t(h) = -6*h**3 - 7*h**2 - 5*h. Let k(p) = p**3 + p - 1. Let i(l) = -5*k(l) - t(l). Let b = -320 + 313. What is i(b)?
5
Let g(d) = -2*d**2 - 1. Let l(q) = 9*q**2 + q + 5. Let t(i) = 26*g(i) + 6*l(i). Calculate t(-4).
12
Let o(p) be the first derivative of -p**7/840 - p**6/45 - p**5/30 + 7*p**4/24 + 7*p**3/3 - 13. Let y(s) be the third derivative of o(s). Determine y(-7).
-14
Let m = -389 + 386. Let h(k) = k**3 + 4*k**2 + 5*k + 3. Give h(m).
-3
Let n(h) = -5*h**2 - h - 2. Let p(a) be the first derivative of a**3/3 - a**2/2 + a - 34. Let i(q) = -n(q) - 2*p(q). What is i(-2)?
6
Let u(b) = -74*b + 76*b + 6 - 14. Give u(-9).
-26
Let a(d) = 33*d**3 - 14*d + 29*d**3 - 3 - 28 - 15*d**2 + 4 - 61*d**3. Calculate a(16).
5
Let a(v) = -6*v + 0*v + 147 - 143 + 3*v. Calculate a(2).
-2
Let w(d) = d**2 + 4*d - 1. Let m be w(-5). Let y = -2359 + 3593. Let j(a) = y + 0*a - 1233 + a. Determine j(m).
5
Let p(h) be the first derivative of -h**3/3 - 3*h**2 - 11*h - 219. What is p(-8)?
-27
Let u(m) = m**3 + 5*m**2 - 4*m - 4. Let o(b) = -b**2 - 4*b + 6. Let k be o(2). What is u(k)?
-16
Let m(b) = b**3 - 3*b**2 - 11*b - 38. Let g be m(6). Let f(i) = 4 - 2*i - 2 - 3*i. Calculate f(g).
-18
Let u(g) be the second derivative of 0 - 1/6*g**4 - 1/6*g**3 + 24*g - 1/2*g**2. Calculate u(-2).
-7
Let v(h) = -h**3 - 7*h**2 - 8*h + 1. Let d(r) = 6*r - 192. Let i be d(31). What is v(i)?
13
Let n(g) = -g**2 - 4*g - 3. Suppose 4*y = -a - y - 5, -3*a = -2*y - 2. Suppose a = 4*b + x - 17, x + 0*x = -3*b + 14. Let k = -5 + b. Calculate n(k).
1
Let l be 1084/(-1355) + (-62)/10. Let z(q) = -q - 15. Calculate z(l).
-8
Let i(l) = -8*l**2 + l + 3. Let m(b) = 2 - 4 - 4*b**2 + 11*b**2. Let c(x) = 6*i(x) + 7*m(x). Suppose 0*j - 8 = f + j, 3*f - 8 = 5*j. Calculate c(f).
-4
Let c(d) = d**2 - 5*d - 5. Let b be c(6). Suppose 5 + 5 = 2*n + 3*l, 2*l = -2*n + 8. Let k(t) = -6 + 2 + 6*t**3 + 5 - 2*t**n. Determine k(b).
5
Let d(o) = -o**3 + 4*o - 2. Let y(f) = -f**3 - 32*f**2 + 39*f + 200. Let b be y(-33). Give d(b).
-2
Let c(q) = 84*q + 831. Let g be c(-10). Let h(r) = r**3 + 8*r**2 - 11*r + 7. Determine h(g).
25
Let q(p) = -81*p + p**3 + 12 + 7*p**2 + 72*p - 13. Calculate q(-8).
7
Suppose 5*a = 442 - 512. Let s(r) = -r**2 - 12*r + 15. Determine s(a).
-13
Let m(q) = q**2 + 16*q + 30. Let t = 175 + -188. Determine m(t).
-9
Suppose -34 = 5*g - 4. Let p(n) be the third derivative of n**4/24 - 50*n**2 + 2*n. Give p(g).
-6
Let c(d) = 9*d - 33. Let u be c(4). Let v(o) be the third derivative of 0*o + 17/6*o**u + 0 - 3*o**2 + 1/24*o**4 - 1/60*o**5. Give v(0).
17
Let a(s) = -s**3 + 7*s**2 - s + 5. Let i be a(7). Let m = -32 + 42. Let t(h) = 8*h - 1 + 2*h**2 - m*h + h. Give t(i).
9
Let f(n) = 17*n. Let i be (-6)/1*(-24)/72. Give f(i).
34
Let a(j) = j**3 - 4*j**2 + j + 5. Let s be a(2). Let b(i) be the second derivative of 1/2*i**2 + 0 - 2*i**3 + 2*i. Calculate b(s).
13
Let z(f) = f**2 - 6*f - 106. Let g be z(-8). Let q(h) = h**3 - 7*h**2 + 3*h + 12. Determine q(g).
-6
Let k = -30 + 37. Suppose -11 = 2*m + k. Let o(s) = s**2 + 10*s + 10. Give o(m).
1
Let g(r) be the third derivative of r**5/60 + 7*r**4/24 - r**3/3 - 198*r**2. Determine g(-10).
28
Let k(t) = -t**3 - 134*t**2 + 260*t**2 - 6 - 6*t - 132*t**2. Calculate k(-5).
-1
Suppose -35 = -4*a - a. Suppose 4*q - 5 = a. Let s(g) = 2*g + 9. Let c(r) = -r. Let n(m) = q*c(m) + s(m). Calculate n(5).
4
Let x be 1*(8 + -16 + 10). Let g(r) be the third derivative of 0 + x*r**2 + 0*r - 1/6*r**4 + 1/20*r**5 + 1/2*r**3. Give g(2).
7
Suppose -y + 7 = -2. Suppose k = y + 15. Suppose k = n + 5*g, 4*g - 4 = -3*n + 13. Let s(w) = 13*w**3. What is s(n)?
-13
Let k(q) be the first derivative of q**4/4 - 10*q**3/3 - 13*q**2/2 + 25*q + 161. Calculate k(11).
3
Let r(c) = -c**2 + 3. Let o be r(0). Let v(s) = 6 - 1 - 2*s - o*s + 2*s**2. Let j(u) = 12*u**3 + 83*u**2 - 7*u + 4. Let m be j(-7). Calculate v(m).
17
Let t(k) be the second derivative of -k**5/20 - k**4/4 - 2*k**2 - k. Let j(s) = 2*s**2. Let b be j(1). Let v be (7/b + -2)/((-3)/6). Determine t(v).
-4
Let z be 14 + -10 + (7 - 8). Let m(v) be the first derivative of -z + 4*v - 7/2*v**2 + 1/3*v**3. What is m(6)?
-2
Let g(i) = -i**2 - 5*i + 9. Suppose 96 = 461*z - 473*z. Determine g(z).
-15
Suppose -4*h + 8*x + 431 = 3*x, 4*h = -5*x + 401. Let r be 2/(-8) + h/32. Let k(f) = -2*f + r*f**2 - f**3 + 32 - 32. Calculate k(2).
0
Let z(c) be the first derivative of -c**3/3 - 5*c**2/2 - 2*c + 2. Let t be z(-4). Let j(m) = -4*m**3 + 1 - 7*m**t + 6*m**2 + m**3 + 0*m**3. Determine j(1).
-3
Let c(g) be the first derivative of -g**3/3 + 13*g**2 - 25*g + 382. Calculate c(25).
0
Let j(p) be the second derivative of -1/2*p**2 - 8*p + 13/6*p**3 + 0. Determine j(-1).
-14
Let z(a) = a**2. Suppose 28 = 2*m - 28. Let l = m - 26. Give z(l).
4
Let m(n) = 3*n**2 + 5*n + 5. Let s be m(-2). Let k(q) = q**2 + 15*q - 8. Let r(f) = f**2 + 2*f. Let a(w) = k(w) - 2*r(w). Calculate a(s).
20
Let x(b) = -10*b. Let s(y) = 61*y + 121. Let o be s(-2). Calculate x(o).
10
Let t(s) = -5*s**2 - 7*s + 7. Let l(a) = a**2 + 3*a - 1. Let g(i) = -4*l(i) - t(i). Suppose 5*p + 10 = 7*p. Determine g(p).
-3
Let w(o) = -2*o - 10. Suppose 0 = 4*n + 10 + 14. Let h be w(n). Suppose -4*s + h*s - 6 = 0, 3*a - 21 = 2*s. Let x(b) = 2*b - 6. Calculate x(a).
4
Let j(r) be the first derivative of -2*r**2 - 2*r - 31. Suppose 2*a + 59 = 19. Let w = a - -22. Determine j(w).
-10
Let m(q) = 2*q. Let u be m(1). Let s be (-3 - -4)*4/u. Let p(a) = -a**2 + 0*a - 4*a + 2 + s*a - a. Determine p(-4).
-2
Let j(y) = 6*y + 1. Let w be 0/(-2) - (-1 + -8)/(-9). Calculate j(w).
-5
Let s(d) be the second derivative of -d**4/12 + 7*d**3/6 - 7*d**2 - 565*d. Calculate s(6).
-8
Let r(s) be the second derivative of s**7/280 + s**6/180 - s**5/120 + 2*s**3/3 + 3*s. Let k(f) be the second derivative of r(f). Calculate k(1).
4
Let k(h) = h + 10. Let p be (1/(-4))/((-12)/96). Let x = 7 - p. Let u be -3*(-1 + 2) - x. Determine k(u).
2
Let x = -113 + 107. Let f be (-1 - 9/x)*(-5 - -1). Let q(m) = 4*m**2 + m - 2. Determine q(f).
12
Let x(w) = 1 - 144*w + 291*w - 146*